+ 11. Let c be f(2). Let j = -3 + 8. Let x = j + c. Let t(h) = -h**2 - 9*h - 3. Calculate t(x).
15
Suppose -5*o + 22 = 7. Suppose 6*r + 15 = -o. Let s(d) = d**2 - 4*d**2 - 1 + 4*d**2 + d. Determine s(r).
5
Let n = -125 + 121. Let c(d) = -2*d**3 - 6*d**2 + 6*d - 6. Let r(p) = p**3 + 3*p**2 - 3*p + 3. Let q(j) = 3*c(j) + 5*r(j). Give q(n).
1
Let l(z) = 3*z**2 - 2*z**2 + 0*z**2 - 7 + 4*z. Let o(k) = -3*k + 43. Let i be o(16). Determine l(i).
-2
Let w(i) = -i**2 - 11*i - 18. Suppose -4*q + h - 34 = 0, 14*q + 3*h = 16*q + 22. Calculate w(q).
6
Let l(u) = -6*u**2 + u + 2. Let n(w) = w**2 + 7*w - 6. Suppose -4*t + 56 = -5*z, 0 = z + z + 2*t + 8. Let a be n(z). Calculate l(a).
-20
Suppose -2*o - 10 = 0, -2*w - 29 - 8 = 3*o. Let y(r) = -r**2 - 16 + 3*r + 6*r + 2*r**2. Give y(w).
6
Let b(j) be the first derivative of -2*j**2 + 2*j - 80. Give b(2).
-6
Let x(u) = 10*u - 35. Let a be x(24). Let f(c) = -a*c - 3 + 6 + 208*c. Calculate f(4).
15
Let r(k) be the second derivative of -k**3/3 - 2*k**2 - 18*k + 3. Determine r(-10).
16
Let u(t) = t**3 + 7*t**2 - 7*t + 7. Let a(m) = -m**3 - 23*m**2 + 49*m - 33. Let p be a(-25). Determine u(p).
-1
Let a(p) be the first derivative of -p**2 + 9*p - 195. What is a(8)?
-7
Let s = 0 - 0. Let d(u) be the third derivative of -u**6/120 + u**5/60 - u**3/2 + 136*u**2. Determine d(s).
-3
Let y(g) = -g**2 + 2*g + 5. Let k be y(4). Let r(d) be the second derivative of d**3/3 - 3*d**2/2 - 569*d. Give r(k).
-9
Suppose 0*u = 4*u - l - 10, -4*u = 2*l - 4. Let j(b) = 4*b**3 + u*b + 16 - 19 - 3*b**3 + 2*b**2. Let y = 54 + -52. What is j(y)?
17
Let p = 350 - 356. Let n(o) = -2*o - 12. Calculate n(p).
0
Let n(k) = k + k**2 - k - 3*k - 16579 + 16544. What is n(7)?
-7
Let p(l) be the third derivative of l**4/6 - 2*l**3/3 + l**2. Suppose 6 = 3*o, -4*c + 2*o - 7 = 9. Determine p(c).
-16
Let l(h) = h**3 + 5*h**2 + 3*h - 3. Suppose -k - 29 = -5*c - 25, 3*c - 12 = 3*k. Determine l(k).
1
Let k(z) = -3*z + 7 - z**2 + 34 - 43 + 6. Determine k(-3).
4
Let l = -57 - -39. Let t = -12 - l. Let b(k) = 39*k**3 - 7*k**2 + 31*k**3 - 9 + 7*k - 69*k**3. Determine b(t).
-3
Let g(a) = 2*a - 4. Suppose -o - 4*o + 55 = 5*b, -b + 19 = 3*o. Let s(f) = -8*f - 80. Let d be s(-11). Suppose 0 = -5*c + b + d. What is g(c)?
2
Let p(h) = -12*h**2 + 21*h + 27. Let z(u) = 5*u**2 - 10*u - 13. Let x(o) = -3*p(o) - 7*z(o). Give x(-4).
-2
Let u(f) = f**3 - 20*f**2 - f + 15. Let k(s) = 2*s**2 - 14*s + 20. Let v be k(7). What is u(v)?
-5
Let z(b) = 3*b**2 + 3*b - 1. Let h(q) = -2*q**2 + 18*q + 2. Let x be h(9). What is z(x)?
17
Let c(v) = 8*v**2 + 89*v + 195. Let b be c(-8). Let u(j) be the first derivative of j**3/3 + 4*j**2 + 3*j - 1. Give u(b).
-12
Let t(q) = 2*q**2 + 3*q - 1. Let x(o) = 9*o + 16. Let z be x(-2). Give t(z).
1
Let h(i) = i + 3. Let t = -10 + 5. Let x(w) = -2*w**3 + 3 + 5*w**2 + 3*w**3 - 8 - 5*w - w**2. Let l be x(t). Calculate h(l).
-2
Let f(k) = 53 - k - 2 - 15. Determine f(0).
36
Let h(s) = 2*s**2 - 1034*s**3 + 2069*s**3 + s - 1034*s**3 + 2. Determine h(-2).
0
Let x(j) = j**3 - 3*j**2 + 2*j - 3. Let p be (5/(-15))/((-4)/144). Suppose 4*v + p = 8*v. Suppose -v*r + 9 = -0*r. Determine x(r).
3
Let b(f) = -f**2 - 3*f - 5. Suppose -8*z = -7*z + 7*z. Give b(z).
-5
Let n be (4/5)/(12/30). Let o(u) = 5 + 5*u - n*u + 5 - 5. What is o(-4)?
-7
Suppose -7 = 4*f - 3*f. Let l(c) = 13*c**2 - 5*c - 11. Let r(w) = -24*w**2 + 8*w + 21. Let g(z) = -11*l(z) - 6*r(z). Calculate g(f).
-5
Suppose 0 = -17*r + 13*r - 24. Let g(f) be the first derivative of f**2/2 + 6*f + 3. Let x(u) = 3*u + 18. Let p(v) = -17*g(v) + 6*x(v). Determine p(r).
0
Let q(g) = g + 3. Suppose -10*h + 150 = -5*h. Let d be h/(-40)*(-1 + (-9)/(-1)). Determine q(d).
-3
Suppose 14*f - 11*f = -3. Let l(d) = 10*d**2 - 2*d - 1. Determine l(f).
11
Let i(u) = 4*u - u + 2 - u. Suppose -15*g = 299 - 329. What is i(g)?
6
Let k(l) be the third derivative of 0 + 1/120*l**6 + 1/15*l**5 - 2*l**2 - 7/6*l**3 - 7/24*l**4 + 0*l. Let i = -9 + 4. Give k(i).
3
Let t(w) = 7*w**3 - 54*w**2 + 11*w + 15. Let k(i) = -5*i**3 + 40*i**2 - 8*i - 11. Let o(u) = -11*k(u) - 8*t(u). Give o(-8).
1
Let y(u) = -15*u**3 - 9*u**3 + 4*u**2 + 3*u - 13*u**3 + 36*u**3 - 4. Let z(t) = -5*t - 1. Let p be z(-2). Let q = -5 + p. Determine y(q).
8
Let d = -4 - 2. Suppose f - v - 7 = 0, 0 = -5*v - 15 - 5. Let i(g) = 1 - g - 5 + f - 2. Calculate i(d).
3
Let w(i) be the second derivative of 1/12*i**4 + 0 + i**2 + 5/6*i**3 + 4*i. Let f(g) be the first derivative of w(g). Calculate f(-4).
-3
Let d(m) = -4*m**2 - 4*m - 2. Suppose 7 = -4*b - 1. Let w(r) = -3*r**2 - 3*r - 3. Let o(x) = b*d(x) + 3*w(x). Let y be 2 + -5 - (-6)/2. Determine o(y).
-5
Let h = 497 + -494. Let c(n) be the second derivative of 1/2*n**2 + 1/3*n**4 + n + 1/2*n**h + 0. Calculate c(-2).
11
Let o(m) = 7*m - 8. Let x be o(-3). Let w = x + 27. Let p(g) = 4*g**2 + g + 2. Determine p(w).
16
Let i(z) be the first derivative of z**3/3 + 2*z**2 - 8*z - 110. What is i(-6)?
4
Suppose 0 = -3*t - 10 + 1. Let l(x) = -8*x. Let m(n) = 2*n - 1. Let d(k) = -l(k) - 3*m(k). What is d(t)?
-3
Suppose -3*m + 2*j - 36 = -j, 0 = m - 4*j + 24. Let f be m/(-10)*(-20)/(-8). Let b(x) = x**2 - 3*x + 3. Determine b(f).
1
Let b(i) be the second derivative of -4/3*i**3 + 1/20*i**5 + 7/12*i**4 - 7*i - 3/2*i**2 + 1. Calculate b(-8).
-3
Let l(s) = -s**2 + s + 4. Let j(h) = 2*h + 7. Let c be j(-1). Let y be ((-120)/(-50))/(2/c). Determine l(y).
-26
Let i(j) = 4*j**2 - 6*j - 5. Let x(f) = -11*f**2 + 16*f + 16. Let q(d) = -8*i(d) - 3*x(d). Give q(6).
28
Let i(t) = t - 10. Suppose 7*r + 741 = 48. Let b = -94 - r. What is i(b)?
-5
Let b(i) = 2*i**3 - 3*i**2 + i. Let t(j) = j**3 - 9*j**2 + 12*j + 16. Let m be t(7). Calculate b(m).
6
Let l = -6 + 7. Let o(h) = 123*h**2 - 60*h**2 + 1 - h - 62*h**2 + 7*h**3. Give o(l).
8
Let l(u) be the second derivative of -u**4/12 - u**3/6 - u**2 - 2114*u. Let g = 0 - 6. Let a = -3 - g. Determine l(a).
-14
Let a(k) be the second derivative of -k**5/20 + 3*k**4/4 - k**3/3 + 13*k**2/2 + 11*k. Let p(y) = 3*y**2 + 2*y + 1. Let t be p(-2). Calculate a(t).
-5
Let u(b) = -b**3 - b**2. Let p(c) = c + 7. Let t = 41 + -49. Let g be p(t). Calculate u(g).
0
Let b(w) = 4*w - 7. Let g be (-6)/(-4)*150/45*1. Give b(g).
13
Suppose 5*z + 108 = -0*z - 2*f, 36 = -2*z + f. Let r be (48/z - -2) + (-46)/10. Let b(t) = t. What is b(r)?
-5
Let g(m) = -m + 5. Let t be 4/18 + (-473)/(-99). Suppose t*a = 13 + 7. Suppose -a*i = i. Determine g(i).
5
Let f(i) be the second derivative of i**5/20 - i**4 + 5*i**3/3 + 8*i**2 - 78*i. Give f(11).
5
Let h(g) = g**2 - 9*g. Let c = 43 + -42. Let r(i) = 8*i**2 - 3*i + 4. Let q be r(c). Determine h(q).
0
Let o be (-4 + 2 + 7)*1. Let r(j) = j**2 + o*j + j**3 - 5*j. Let y(k) = 9*k**3 + 54*k**2 - k - 7. Let c be y(-6). Calculate r(c).
0
Let c(w) be the third derivative of -w**6/120 - w**5/15 + w**4/6 - 7*w**3/6 + 754*w**2. Suppose 0 = -5*r + 4*q - 25, 0*r - 5*q = 2*r + 10. What is c(r)?
-2
Let n(s) = 9*s - 5. Let g(o) = -2*o + 1. Let j(t) = 6*g(t) + n(t). Give j(1).
-2
Suppose 13*x + 2 = 158. Let a(v) = -v. Give a(x).
-12
Suppose 0 = -5*h + 25, 2*n = 3*h + 3 + 10. Let r be (18/63)/(4/n). Let i(x) = 3*x. Determine i(r).
3
Let d(t) = -7*t**2 - 2*t - 18. Let u(g) = 6*g**2 + 2*g + 14. Let m(x) = 5*d(x) + 6*u(x). What is m(0)?
-6
Let y be (10 + -2)*(-5)/(-40) + 2. Let z be (-1)/(3/(3 + y)) + 9. Let w(f) = -f**2 + 7*f - 5. Determine w(z).
-5
Let n(d) = 1 - 9*d + 4*d + 3*d + 4*d**2 + d**3. Calculate n(-4).
9
Let j(u) = u. Let d(t) = 1. Let l(r) = -d(r) + 6*j(r). Calculate l(1).
5
Let o(y) be the first derivative of -y**3 - 31*y**2/2 - 12*y - 525. What is o(-10)?
-2
Let n = -14 - -12. Let t be (-2)/(-6) - n/(-6). Let z(r) = r**3 + r - 4. Determine z(t).
-4
Let z(q) be the first derivative of -7*q**3/3 + q**2 + q + 2. Let r be (2/(-8) - 0)/(13/52). Give z(r).
-8
Let i be 3/(((-1)/1)/1). Let y(l) be the first derivative of l**5/20 + l**4/6 + l**2/2 - 11*l - 12. Let m(c) be the first derivative of y(c). Determine m(i).
-8
Let d be ((-2)/(-3))/(4/(-30))*1. Let r(s) = -6*s**2 - 19*s + 4. Let u(t) = -4*t**2 - 13*t + 3. Let h(a) = d*r(a) + 7*u(a). Calculate h(-3).
7
Let y(j) = -j**3 + 6*j**2 - 8. Let m be y(6). Let p(r) = -r**2 - 8*r + 7. Let g be p(m). Let h(t) = -g*t**2 - 5 - 3*t + 4 + t. What is h(-1)?